{"id":9,"date":"2021-03-12T19:15:02","date_gmt":"2021-03-12T22:15:02","guid":{"rendered":"http:\/\/localhost\/pucvDAD\/?page_id=9"},"modified":"2021-05-10T13:07:58","modified_gmt":"2021-05-10T16:07:58","slug":"inicio","status":"publish","type":"page","link":"http:\/\/www.analisisinstitucional.ucv.cl\/","title":{"rendered":"Inicio"},"content":{"rendered":"<p>[et_pb_section fb_built=\u00bb1&#8243; _builder_version=\u00bb4.9.3&#8243; _module_preset=\u00bbdefault\u00bb background_image=\u00bbhttp:\/\/www.sebainfante.com\/wp-content\/uploads\/2021\/03\/fondo2_v2.png\u00bb background_size=\u00bbcontain\u00bb background_position=\u00bbtop_right\u00bb custom_margin=\u00bb0px||||false|false\u00bb custom_padding=\u00bb21px||24px|||\u00bb][et_pb_row _builder_version=\u00bb4.9.1&#8243; _module_preset=\u00bbdefault\u00bb custom_margin=\u00bb42px|auto||auto||\u00bb][et_pb_column type=\u00bb4_4&#8243; _builder_version=\u00bb4.9.1&#8243; _module_preset=\u00bbdefault\u00bb][et_pb_image src=\u00bbhttp:\/\/www.sebainfante.com\/wp-content\/uploads\/2021\/03\/home2_v2.png\u00bb title_text=\u00bbhome2_v2&#8243; align=\u00bbcenter\u00bb _builder_version=\u00bb4.9.3&#8243; _module_preset=\u00bbdefault\u00bb width=\u00bb100%\u00bb module_alignment=\u00bbcenter\u00bb height=\u00bb388px\u00bb max_height=\u00bb466px\u00bb max_height_tablet=\u00bb279px\u00bb max_height_phone=\u00bb166px\u00bb max_height_last_edited=\u00bbon|phone\u00bb custom_margin=\u00bb63px||||false|false\u00bb custom_margin_tablet=\u00bb\u00bb custom_margin_phone=\u00bb-64px||-19px||false|false\u00bb custom_margin_last_edited=\u00bbon|desktop\u00bb custom_padding=\u00bb12px||12px||true|false\u00bb custom_padding_tablet=\u00bb0px||0px||false|false\u00bb custom_padding_phone=\u00bb||0px||false|false\u00bb custom_padding_last_edited=\u00bbon|desktop\u00bb][\/et_pb_image][\/et_pb_column][\/et_pb_row][\/et_pb_section][et_pb_section fb_built=\u00bb1&#8243; _builder_version=\u00bb4.9.1&#8243; _module_preset=\u00bbdefault\u00bb background_color=\u00bbgcid-f60bdc87-7534-4a6a-8e32-8552be4734a4&#8243; background_image=\u00bbhttp:\/\/localhost\/pucvDAD\/wp-content\/uploads\/2021\/03\/fondo-home.png\u00bb background_position=\u00bbbottom_center\u00bb global_colors_info=\u00bb{%22gcid-f60bdc87-7534-4a6a-8e32-8552be4734a4%22:%91%22background_color%22%93}\u00bb][et_pb_row column_structure=\u00bb1_3,1_3,1_3&#8243; _builder_version=\u00bb4.9.1&#8243; _module_preset=\u00bbdefault\u00bb][et_pb_column type=\u00bb1_3&#8243; _builder_version=\u00bb4.9.1&#8243; _module_preset=\u00bbdefault\u00bb][et_pb_blurb title=\u00bbInformaci\u00f3n Institucional PUCV\u00bb use_icon=\u00bbon\u00bb font_icon=\u00bb%%158%%\u00bb icon_color=\u00bb#FFFFFF\u00bb use_icon_font_size=\u00bbon\u00bb icon_font_size=\u00bb74px\u00bb _builder_version=\u00bb4.9.3&#8243; _dynamic_attributes=\u00bblink_option_url\u00bb _module_preset=\u00bbdefault\u00bb header_font=\u00bbLato|700|||||||\u00bb header_text_color=\u00bb#FFFFFF\u00bb header_font_size=\u00bb20px\u00bb body_font=\u00bbLato||||||||\u00bb body_text_align=\u00bbjustify\u00bb body_text_color=\u00bb#FFFFFF\u00bb text_orientation=\u00bbcenter\u00bb link_option_url=\u00bb@ET-DC@eyJkeW5hbWljIjp0cnVlLCJjb250ZW50IjoicG9zdF9saW5rX3VybF9wYWdlIiwic2V0dGluZ3MiOnsicG9zdF9pZCI6IjQwMCJ9fQ==@\u00bb icon_font_size__hover_enabled=\u00bboff|desktop\u00bb icon_font_size__hover=\u00bb75px\u00bb]<\/p>\n<p><span>En esta secci\u00f3n se presentan datos de Pregrado, Estudios Avanzados, Acad\u00e9micos e Investigaci\u00f3n PUCV, de los \u00faltimos seis a\u00f1os.\u00a0<\/span><\/p>\n<p>[\/et_pb_blurb][\/et_pb_column][et_pb_column type=\u00bb1_3&#8243; _builder_version=\u00bb4.9.1&#8243; _module_preset=\u00bbdefault\u00bb][et_pb_blurb title=\u00bbInformes DAD\u00bb use_icon=\u00bbon\u00bb font_icon=\u00bb%%71%%\u00bb icon_color=\u00bb#FFFFFF\u00bb use_icon_font_size=\u00bbon\u00bb icon_font_size=\u00bb74px\u00bb _builder_version=\u00bb4.9.3&#8243; _dynamic_attributes=\u00bblink_option_url\u00bb _module_preset=\u00bbdefault\u00bb header_font=\u00bbLato|700|||||||\u00bb header_text_color=\u00bb#FFFFFF\u00bb header_font_size=\u00bb20px\u00bb body_font=\u00bbLato||||||||\u00bb body_text_align=\u00bbjustify\u00bb body_text_color=\u00bb#FFFFFF\u00bb text_orientation=\u00bbcenter\u00bb link_option_url=\u00bb@ET-DC@eyJkeW5hbWljIjp0cnVlLCJjb250ZW50IjoicG9zdF9saW5rX3VybF9wYWdlIiwic2V0dGluZ3MiOnsicG9zdF9pZCI6IjMzMyJ9fQ==@\u00bb locked=\u00bboff\u00bb]<\/p>\n<p><span>Podr\u00e1 visualizar una serie de fichas que sistematizan la informaci\u00f3n sobre reportes, informes y estudios realizados por DAD para la toma de decisiones de las autoridades universitarias y sus directivos.<\/span><\/p>\n<p>[\/et_pb_blurb][\/et_pb_column][et_pb_column type=\u00bb1_3&#8243; _builder_version=\u00bb4.9.1&#8243; _module_preset=\u00bbdefault\u00bb][et_pb_blurb title=\u00bbCat\u00e1logo de Documentos\u00bb use_icon=\u00bbon\u00bb font_icon=\u00bb%%140%%\u00bb icon_color=\u00bb#FFFFFF\u00bb use_icon_font_size=\u00bbon\u00bb icon_font_size=\u00bb74px\u00bb _builder_version=\u00bb4.9.1&#8243; _dynamic_attributes=\u00bblink_option_url\u00bb _module_preset=\u00bbdefault\u00bb header_font=\u00bbLato|700|||||||\u00bb header_text_color=\u00bb#FFFFFF\u00bb header_font_size=\u00bb20px\u00bb body_font=\u00bbLato||||||||\u00bb body_text_align=\u00bbjustify\u00bb body_text_color=\u00bb#FFFFFF\u00bb text_orientation=\u00bbcenter\u00bb link_option_url=\u00bb@ET-DC@eyJkeW5hbWljIjp0cnVlLCJjb250ZW50IjoicG9zdF9saW5rX3VybF9wYWdlIiwic2V0dGluZ3MiOnsicG9zdF9pZCI6IjM4NiJ9fQ==@\u00bb locked=\u00bboff\u00bb]<\/p>\n<p><span>Se muestra en forma detallada la informaci\u00f3n elaborada por la DAD. Debe poseer sesi\u00f3n para acceder a este registro<\/span><\/p>\n<p>[\/et_pb_blurb][\/et_pb_column][\/et_pb_row][\/et_pb_section][et_pb_section fb_built=\u00bb1&#8243; _builder_version=\u00bb4.9.1&#8243; _module_preset=\u00bbdefault\u00bb][et_pb_row column_structure=\u00bb3_4,1_4&#8243; _builder_version=\u00bb4.9.1&#8243; _module_preset=\u00bbdefault\u00bb][et_pb_column type=\u00bb3_4&#8243; _builder_version=\u00bb4.9.1&#8243; _module_preset=\u00bbdefault\u00bb][et_pb_image src=\u00bbhttp:\/\/www.sebainfante.com\/wp-content\/uploads\/2021\/03\/home2.png\u00bb title_text=\u00bbhome2&#8243; _builder_version=\u00bb4.9.3&#8243; _module_preset=\u00bbdefault\u00bb custom_margin=\u00bb116px||116px||true|\u00bb][\/et_pb_image][\/et_pb_column][et_pb_column type=\u00bb1_4&#8243; _builder_version=\u00bb4.9.1&#8243; _module_preset=\u00bbdefault\u00bb][et_pb_blurb title=\u00bbPUCV\u00bb image=\u00bbhttp:\/\/www.sebainfante.com\/wp-content\/uploads\/2021\/04\/logo_monocromo-h.png\u00bb image_max_width=\u00bb75%\u00bb _builder_version=\u00bb4.9.3&#8243; _module_preset=\u00bbdefault\u00bb header_font=\u00bbLato|700|||||||\u00bb header_text_align=\u00bbcenter\u00bb header_text_color=\u00bb#E09900&#8243; text_orientation=\u00bbcenter\u00bb link_option_url=\u00bbhttps:\/\/www.pucv.cl\/\u00bb global_colors_info=\u00bb{%22gcid-f60bdc87-7534-4a6a-8e32-8552be4734a4%22:%91%22icon_color%22%93}\u00bb icon_color=\u00bbgcid-f60bdc87-7534-4a6a-8e32-8552be4734a4&#8243;][\/et_pb_blurb][et_pb_blurb title=\u00bbPlan Estrat\u00e9gico PUCV\u00bb use_icon=\u00bbon\u00bb font_icon=\u00bb%%75%%\u00bb icon_color=\u00bbgcid-f60bdc87-7534-4a6a-8e32-8552be4734a4&#8243; use_icon_font_size=\u00bbon\u00bb icon_font_size=\u00bb75px\u00bb _builder_version=\u00bb4.9.1&#8243; _module_preset=\u00bbdefault\u00bb header_font=\u00bbLato|700|||||||\u00bb header_text_align=\u00bbcenter\u00bb header_text_color=\u00bb#E09900&#8243; text_orientation=\u00bbcenter\u00bb link_option_url=\u00bbhttp:\/\/www.pucv.cl\/uuaa\/site\/edic\/base\/port\/plan_de_desarrollo_estrategico.html\u00bb global_colors_info=\u00bb{%22gcid-f60bdc87-7534-4a6a-8e32-8552be4734a4%22:%91%22icon_color%22%93}\u00bb][\/et_pb_blurb][et_pb_blurb title=\u00bbAcreditaci\u00f3n PUCV\u00bb use_icon=\u00bbon\u00bb font_icon=\u00bb%%57%%\u00bb icon_color=\u00bbgcid-f60bdc87-7534-4a6a-8e32-8552be4734a4&#8243; use_icon_font_size=\u00bbon\u00bb icon_font_size=\u00bb75px\u00bb _builder_version=\u00bb4.9.1&#8243; _module_preset=\u00bbdefault\u00bb header_font=\u00bbLato|700|||||||\u00bb header_text_align=\u00bbcenter\u00bb header_text_color=\u00bb#E09900&#8243; text_orientation=\u00bbcenter\u00bb link_option_url=\u00bbhttp:\/\/www.pucv.cl\/uuaa\/site\/edic\/base\/port\/acreditacion.html\u00bb locked=\u00bboff\u00bb global_colors_info=\u00bb{%22gcid-f60bdc87-7534-4a6a-8e32-8552be4734a4%22:%91%22icon_color%22%93}\u00bb][\/et_pb_blurb][et_pb_blurb title=\u00bbReportes de Sostenibilidad PUCV\u00bb use_icon=\u00bbon\u00bb font_icon=\u00bb%%72%%\u00bb icon_color=\u00bbgcid-f60bdc87-7534-4a6a-8e32-8552be4734a4&#8243; use_icon_font_size=\u00bbon\u00bb icon_font_size=\u00bb75px\u00bb _builder_version=\u00bb4.9.1&#8243; _module_preset=\u00bbdefault\u00bb header_font=\u00bbLato|700|||||||\u00bb header_text_align=\u00bbcenter\u00bb header_text_color=\u00bb#E09900&#8243; text_orientation=\u00bbcenter\u00bb link_option_url=\u00bbhttp:\/\/www.pucv.cl\/pucv\/reportes-de-sostenibilidad\/2015-08-17\/091647.html\u00bb locked=\u00bboff\u00bb global_colors_info=\u00bb{%22gcid-f60bdc87-7534-4a6a-8e32-8552be4734a4%22:%91%22icon_color%22%93}\u00bb][\/et_pb_blurb][\/et_pb_column][\/et_pb_row][et_pb_row _builder_version=\u00bb4.9.1&#8243; _module_preset=\u00bbdefault\u00bb][et_pb_column type=\u00bb4_4&#8243; _builder_version=\u00bb4.9.1&#8243; _module_preset=\u00bbdefault\u00bb][et_pb_divider _builder_version=\u00bb4.9.1&#8243; _module_preset=\u00bbdefault\u00bb][\/et_pb_divider][et_pb_text _builder_version=\u00bb4.9.1&#8243; _module_preset=\u00bbdefault\u00bb text_font=\u00bbLato|700|||||||\u00bb text_text_color=\u00bbgcid-f60bdc87-7534-4a6a-8e32-8552be4734a4&#8243; text_font_size=\u00bb20px\u00bb header_text_align=\u00bbcenter\u00bb text_orientation=\u00bbcenter\u00bb global_colors_info=\u00bb{%22gcid-f60bdc87-7534-4a6a-8e32-8552be4734a4%22:%91%22text_text_color%22%93}\u00bb]<\/p>\n<p>Enlaces externos<\/p>\n<p>[\/et_pb_text][\/et_pb_column][\/et_pb_row][et_pb_row column_structure=\u00bb1_3,1_3,1_3&#8243; _builder_version=\u00bb4.9.1&#8243; _module_preset=\u00bbdefault\u00bb][et_pb_column type=\u00bb1_3&#8243; _builder_version=\u00bb4.9.1&#8243; _module_preset=\u00bbdefault\u00bb][et_pb_blurb title=\u00bbMi Futuro\u00bb image=\u00bbhttp:\/\/www.sebainfante.com\/wp-content\/uploads\/2021\/03\/logo-mifuturo2.png\u00bb _builder_version=\u00bb4.9.3&#8243; _module_preset=\u00bbdefault\u00bb header_font=\u00bbLato|700|||||||\u00bb header_text_align=\u00bbcenter\u00bb header_text_color=\u00bbgcid-f60bdc87-7534-4a6a-8e32-8552be4734a4&#8243; link_option_url=\u00bbhttps:\/\/www.mifuturo.cl\/\u00bb global_colors_info=\u00bb{%22gcid-f60bdc87-7534-4a6a-8e32-8552be4734a4%22:%91%22header_text_color%22%93}\u00bb][\/et_pb_blurb][\/et_pb_column][et_pb_column type=\u00bb1_3&#8243; _builder_version=\u00bb4.9.1&#8243; _module_preset=\u00bbdefault\u00bb][et_pb_blurb title=\u00bbConsejo Nacional de Educaci\u00f3n\u00bb image=\u00bbhttp:\/\/www.sebainfante.com\/wp-content\/uploads\/2021\/03\/cned.png\u00bb image_max_width=\u00bb150px\u00bb _builder_version=\u00bb4.9.3&#8243; _module_preset=\u00bbdefault\u00bb header_font=\u00bbLato|700|||||||\u00bb header_text_align=\u00bbcenter\u00bb header_text_color=\u00bbgcid-f60bdc87-7534-4a6a-8e32-8552be4734a4&#8243; link_option_url=\u00bbhttps:\/\/www.cned.cl\/\u00bb locked=\u00bboff\u00bb global_colors_info=\u00bb{%22gcid-f60bdc87-7534-4a6a-8e32-8552be4734a4%22:%91%22header_text_color%22%93}\u00bb][\/et_pb_blurb][\/et_pb_column][et_pb_column type=\u00bb1_3&#8243; _builder_version=\u00bb4.9.1&#8243; _module_preset=\u00bbdefault\u00bb][et_pb_blurb title=\u00bbH. Consejo de Rectores\u00bb image=\u00bbhttp:\/\/www.sebainfante.com\/wp-content\/uploads\/2021\/03\/logo-CRUCh.jpg\u00bb image_max_width=\u00bb123px\u00bb _builder_version=\u00bb4.9.3&#8243; _module_preset=\u00bbdefault\u00bb header_font=\u00bbLato|700|||||||\u00bb header_text_align=\u00bbcenter\u00bb header_text_color=\u00bbgcid-f60bdc87-7534-4a6a-8e32-8552be4734a4&#8243; link_option_url=\u00bbhttp:\/\/www.consejoderectores.cl\/\u00bb locked=\u00bboff\u00bb global_colors_info=\u00bb{%22gcid-f60bdc87-7534-4a6a-8e32-8552be4734a4%22:%91%22header_text_color%22%93}\u00bb][\/et_pb_blurb][\/et_pb_column][\/et_pb_row][\/et_pb_section]<\/p>\n","protected":false},"excerpt":{"rendered":"<p>[et_pb_section fb_built=\u00bb1&#8243; _builder_version=\u00bb4.9.3&#8243; _module_preset=\u00bbdefault\u00bb background_image=\u00bbhttp:\/\/www.sebainfante.com\/wp-content\/uploads\/2021\/03\/fondo2_v2.png\u00bb background_size=\u00bbcontain\u00bb background_position=\u00bbtop_right\u00bb custom_margin=\u00bb0px||||false|false\u00bb custom_padding=\u00bb21px||24px|||\u00bb][et_pb_row _builder_version=\u00bb4.9.1&#8243; _module_preset=\u00bbdefault\u00bb custom_margin=\u00bb42px|auto||auto||\u00bb][et_pb_column type=\u00bb4_4&#8243; _builder_version=\u00bb4.9.1&#8243; _module_preset=\u00bbdefault\u00bb][et_pb_image src=\u00bbhttp:\/\/www.sebainfante.com\/wp-content\/uploads\/2021\/03\/home2_v2.png\u00bb title_text=\u00bbhome2_v2&#8243; align=\u00bbcenter\u00bb _builder_version=\u00bb4.9.3&#8243; _module_preset=\u00bbdefault\u00bb width=\u00bb100%\u00bb module_alignment=\u00bbcenter\u00bb height=\u00bb388px\u00bb max_height=\u00bb466px\u00bb max_height_tablet=\u00bb279px\u00bb max_height_phone=\u00bb166px\u00bb max_height_last_edited=\u00bbon|phone\u00bb custom_margin=\u00bb63px||||false|false\u00bb custom_margin_tablet=\u00bb\u00bb custom_margin_phone=\u00bb-64px||-19px||false|false\u00bb custom_margin_last_edited=\u00bbon|desktop\u00bb custom_padding=\u00bb12px||12px||true|false\u00bb custom_padding_tablet=\u00bb0px||0px||false|false\u00bb custom_padding_phone=\u00bb||0px||false|false\u00bb custom_padding_last_edited=\u00bbon|desktop\u00bb][\/et_pb_image][\/et_pb_column][\/et_pb_row][\/et_pb_section][et_pb_section fb_built=\u00bb1&#8243; _builder_version=\u00bb4.9.1&#8243; _module_preset=\u00bbdefault\u00bb background_color=\u00bbgcid-f60bdc87-7534-4a6a-8e32-8552be4734a4&#8243; background_image=\u00bbhttp:\/\/localhost\/pucvDAD\/wp-content\/uploads\/2021\/03\/fondo-home.png\u00bb background_position=\u00bbbottom_center\u00bb global_colors_info=\u00bb{%22gcid-f60bdc87-7534-4a6a-8e32-8552be4734a4%22:%91%22background_color%22%93}\u00bb][et_pb_row column_structure=\u00bb1_3,1_3,1_3&#8243; _builder_version=\u00bb4.9.1&#8243; _module_preset=\u00bbdefault\u00bb][et_pb_column type=\u00bb1_3&#8243; _builder_version=\u00bb4.9.1&#8243; _module_preset=\u00bbdefault\u00bb][et_pb_blurb title=\u00bbInformaci\u00f3n Institucional PUCV\u00bb use_icon=\u00bbon\u00bb font_icon=\u00bb%%158%%\u00bb icon_color=\u00bb#FFFFFF\u00bb use_icon_font_size=\u00bbon\u00bb [&hellip;]<\/p>\n","protected":false},"author":1,"featured_media":0,"parent":0,"menu_order":0,"comment_status":"closed","ping_status":"closed","template":"","meta":{"_et_pb_use_builder":"on","_et_pb_old_content":"","_et_gb_content_width":"","footnotes":""},"class_list":["post-9","page","type-page","status-publish","hentry"],"_links":{"self":[{"href":"http:\/\/www.analisisinstitucional.ucv.cl\/index.php?rest_route=\/wp\/v2\/pages\/9","targetHints":{"allow":["GET"]}}],"collection":[{"href":"http:\/\/www.analisisinstitucional.ucv.cl\/index.php?rest_route=\/wp\/v2\/pages"}],"about":[{"href":"http:\/\/www.analisisinstitucional.ucv.cl\/index.php?rest_route=\/wp\/v2\/types\/page"}],"author":[{"embeddable":true,"href":"http:\/\/www.analisisinstitucional.ucv.cl\/index.php?rest_route=\/wp\/v2\/users\/1"}],"replies":[{"embeddable":true,"href":"http:\/\/www.analisisinstitucional.ucv.cl\/index.php?rest_route=%2Fwp%2Fv2%2Fcomments&post=9"}],"version-history":[{"count":22,"href":"http:\/\/www.analisisinstitucional.ucv.cl\/index.php?rest_route=\/wp\/v2\/pages\/9\/revisions"}],"predecessor-version":[{"id":463,"href":"http:\/\/www.analisisinstitucional.ucv.cl\/index.php?rest_route=\/wp\/v2\/pages\/9\/revisions\/463"}],"wp:attachment":[{"href":"http:\/\/www.analisisinstitucional.ucv.cl\/index.php?rest_route=%2Fwp%2Fv2%2Fmedia&parent=9"}],"curies":[{"name":"wp","href":"https:\/\/api.w.org\/{rel}","templated":true}]}}